{"id":251,"date":"2025-03-31T08:57:46","date_gmt":"2025-03-31T08:57:46","guid":{"rendered":"https:\/\/kosmetikvilla.de\/?page_id=251"},"modified":"2025-03-31T09:03:27","modified_gmt":"2025-03-31T09:03:27","slug":"tmt-system","status":"publish","type":"page","link":"https:\/\/kosmetikvilla.de\/index.php\/tmt-system\/","title":{"rendered":"TMT System"},"content":{"rendered":"\t\t<div data-elementor-type=\"wp-page\" data-elementor-id=\"251\" class=\"elementor elementor-251\">\n\t\t\t\t<div class=\"elementor-element elementor-element-78fec15 e-flex e-con-boxed e-con e-parent\" data-id=\"78fec15\" data-element_type=\"container\">\n\t\t\t\t\t<div class=\"e-con-inner\">\n\t\t\t\t<div class=\"elementor-element elementor-element-7001ca7 elementor-widget elementor-widget-heading\" data-id=\"7001ca7\" data-element_type=\"widget\" data-widget_type=\"heading.default\">\n\t\t\t\t<div class=\"elementor-widget-container\">\n\t\t\t\t\t<h2 class=\"elementor-heading-title elementor-size-default\">TMT System mesoestetic<\/h2>\t\t\t\t<\/div>\n\t\t\t\t<\/div>\n\t\t\t\t<div class=\"elementor-element elementor-element-1734c1c elementor-widget elementor-widget-heading\" data-id=\"1734c1c\" data-element_type=\"widget\" data-widget_type=\"heading.default\">\n\t\t\t\t<div class=\"elementor-widget-container\">\n\t\t\t\t\t<h2 class=\"elementor-heading-title elementor-size-default\">hochwirksames Antiaging<\/h2>\t\t\t\t<\/div>\n\t\t\t\t<\/div>\n\t\t\t\t\t<\/div>\n\t\t\t\t<\/div>\n\t\t<div class=\"elementor-element elementor-element-a96e3bd e-flex e-con-boxed e-con e-parent\" data-id=\"a96e3bd\" data-element_type=\"container\">\n\t\t\t\t\t<div class=\"e-con-inner\">\n\t\t\t\t<div class=\"elementor-element elementor-element-14e958d elementor-widget elementor-widget-text-editor\" data-id=\"14e958d\" data-element_type=\"widget\" data-widget_type=\"text-editor.default\">\n\t\t\t\t<div class=\"elementor-widget-container\">\n\t\t\t\t\t\t\t\t\t<p><span style=\"font-size: 20px;\"><strong>Kosmetik die unter die Haut geht<\/strong><\/span><\/p><p><strong>Sehr zu empfehlen Vor und Nach jedem \u00e4sthetischen kosmetischen Eingriff.<\/strong><br \/>F\u00f6rdert und verbessert die besseren heilenden und l\u00e4nger anhaltenden Behandlungsergebnisse.<br \/><br \/>Einmal im Jahr eine Mesoestetic Kur verringert den Hautalterungsprozess, f\u00fcllt und polstert Linien und F\u00e4ltchen auf und l\u00e4sst Konturen straffer aussehen. Auch besonders gut geeignet ist die Kur auch f\u00fcr ein unvergleichliches Dekollete, straffere Oberarme, Dehnungsstreifen, Cellulitehaut und Pigmentierungen.<\/p>\t\t\t\t\t\t\t\t<\/div>\n\t\t\t\t<\/div>\n\t\t\t\t<div class=\"elementor-element elementor-element-7a5df0f elementor-widget elementor-widget-image\" data-id=\"7a5df0f\" data-element_type=\"widget\" data-widget_type=\"image.default\">\n\t\t\t\t<div class=\"elementor-widget-container\">\n\t\t\t\t\t\t\t\t\t\t\t\t\t\t\t<img fetchpriority=\"high\" decoding=\"async\" width=\"1024\" height=\"802\" src=\"https:\/\/kosmetikvilla.de\/wp-content\/uploads\/2025\/03\/33715397-35401974-1024x802.jpg\" class=\"attachment-large size-large wp-image-252\" alt=\"\" srcset=\"https:\/\/kosmetikvilla.de\/wp-content\/uploads\/2025\/03\/33715397-35401974-1024x802.jpg 1024w, https:\/\/kosmetikvilla.de\/wp-content\/uploads\/2025\/03\/33715397-35401974-300x235.jpg 300w, https:\/\/kosmetikvilla.de\/wp-content\/uploads\/2025\/03\/33715397-35401974-768x602.jpg 768w, https:\/\/kosmetikvilla.de\/wp-content\/uploads\/2025\/03\/33715397-35401974-1536x1203.jpg 1536w, https:\/\/kosmetikvilla.de\/wp-content\/uploads\/2025\/03\/33715397-35401974-2048x1605.jpg 2048w\" sizes=\"(max-width: 1024px) 100vw, 1024px\" \/>\t\t\t\t\t\t\t\t\t\t\t\t\t\t\t<\/div>\n\t\t\t\t<\/div>\n\t\t\t\t\t<\/div>\n\t\t\t\t<\/div>\n\t\t<div class=\"elementor-element elementor-element-edb56a0 e-flex e-con-boxed e-con e-parent\" data-id=\"edb56a0\" data-element_type=\"container\">\n\t\t\t\t\t<div class=\"e-con-inner\">\n\t\t\t\t<div class=\"elementor-element elementor-element-e5cd180 elementor-widget elementor-widget-text-editor\" data-id=\"e5cd180\" data-element_type=\"widget\" data-widget_type=\"text-editor.default\">\n\t\t\t\t<div class=\"elementor-widget-container\">\n\t\t\t\t\t\t\t\t\t<p><span style=\"font-size: 20px;\"><strong>Ist die Behandlung schmerzhaft?<\/strong><\/span><br \/>Die Behandlung ist absolut sicher und schmerzfrei, da ich keine Nadeln oder andere invasive Methoden zur Penetration verwende.<br \/><strong>Bluterg\u00fcsse und Narben geh\u00f6ren mit dem tmt SystemTM der Vergangenheit an.<\/strong><\/p><p><span style=\"font-size: 20px;\"><strong>Ist die Behandlung effektiv?<\/strong><\/span><br \/>Die Behandlung mit tmt system TM ist hochwirksam dank der einzigartigen Kombination von Elektroporation und Elektrophorese. Diese Technologie macht es m\u00f6glich, die Hautbarriere zu \u00fcberwinden und so in kurzer Zeit ein einzigartiges und wundersch\u00f6nes Ergebnis zu erzielen.<br \/><strong>Dies ist nur m\u00f6glich dank der Erfahrung, Qualit\u00e4t und Nachhaltigkeit von\u00a0Mesoestetic.<\/strong><\/p>\t\t\t\t\t\t\t\t<\/div>\n\t\t\t\t<\/div>\n\t\t\t\t\t<\/div>\n\t\t\t\t<\/div>\n\t\t\t\t<\/div>\n\t\t","protected":false},"excerpt":{"rendered":"<p>TMT System mesoestetic hochwirksames Antiaging Kosmetik die unter die Haut geht Sehr zu empfehlen Vor und Nach jedem \u00e4sthetischen kosmetischen Eingriff.F\u00f6rdert und verbessert die besseren heilenden und l\u00e4nger anhaltenden Behandlungsergebnisse. Einmal im Jahr eine Mesoestetic Kur verringert den Hautalterungsprozess, f\u00fcllt und polstert Linien und F\u00e4ltchen auf und l\u00e4sst Konturen straffer aussehen. Auch besonders gut geeignet [&hellip;]<\/p>\n","protected":false},"author":1,"featured_media":0,"parent":0,"menu_order":0,"comment_status":"closed","ping_status":"closed","template":"","meta":{"footnotes":""},"class_list":["post-251","page","type-page","status-publish","hentry","entry"],"yoast_head":"<!-- This site is optimized with the Yoast SEO plugin v24.7 - https:\/\/yoast.com\/wordpress\/plugins\/seo\/ -->\n<title>TMT System - Kosmetik Villa<\/title>\n<meta name=\"robots\" content=\"index, follow, max-snippet:-1, max-image-preview:large, max-video-preview:-1\" \/>\n<link rel=\"canonical\" href=\"https:\/\/kosmetikvilla.de\/index.php\/tmt-system\/\" \/>\n<meta property=\"og:locale\" content=\"de_DE\" \/>\n<meta property=\"og:type\" content=\"article\" \/>\n<meta property=\"og:title\" content=\"TMT System - Kosmetik Villa\" \/>\n<meta property=\"og:description\" content=\"TMT System mesoestetic hochwirksames Antiaging Kosmetik die unter die Haut geht Sehr zu empfehlen Vor und Nach jedem \u00e4sthetischen kosmetischen Eingriff.F\u00f6rdert und verbessert die besseren heilenden und l\u00e4nger anhaltenden Behandlungsergebnisse. Einmal im Jahr eine Mesoestetic Kur verringert den Hautalterungsprozess, f\u00fcllt und polstert Linien und F\u00e4ltchen auf und l\u00e4sst Konturen straffer aussehen. Auch besonders gut geeignet [&hellip;]\" \/>\n<meta property=\"og:url\" content=\"https:\/\/kosmetikvilla.de\/index.php\/tmt-system\/\" \/>\n<meta property=\"og:site_name\" content=\"Kosmetik Villa\" \/>\n<meta property=\"article:modified_time\" content=\"2025-03-31T09:03:27+00:00\" \/>\n<meta property=\"og:image\" content=\"https:\/\/kosmetikvilla.de\/wp-content\/uploads\/2025\/03\/33715397-35401974.jpg\" \/>\n\t<meta property=\"og:image:width\" content=\"2185\" \/>\n\t<meta property=\"og:image:height\" content=\"1712\" \/>\n\t<meta property=\"og:image:type\" content=\"image\/jpeg\" \/>\n<meta name=\"twitter:card\" content=\"summary_large_image\" \/>\n<meta name=\"twitter:label1\" content=\"Gesch\u00e4tzte Lesezeit\" \/>\n\t<meta name=\"twitter:data1\" content=\"2\u00a0Minuten\" \/>\n<script type=\"application\/ld+json\" class=\"yoast-schema-graph\">{\"@context\":\"https:\/\/schema.org\",\"@graph\":[{\"@type\":\"WebPage\",\"@id\":\"https:\/\/kosmetikvilla.de\/index.php\/tmt-system\/\",\"url\":\"https:\/\/kosmetikvilla.de\/index.php\/tmt-system\/\",\"name\":\"TMT System - Kosmetik Villa\",\"isPartOf\":{\"@id\":\"https:\/\/kosmetikvilla.de\/#website\"},\"primaryImageOfPage\":{\"@id\":\"https:\/\/kosmetikvilla.de\/index.php\/tmt-system\/#primaryimage\"},\"image\":{\"@id\":\"https:\/\/kosmetikvilla.de\/index.php\/tmt-system\/#primaryimage\"},\"thumbnailUrl\":\"https:\/\/kosmetikvilla.de\/wp-content\/uploads\/2025\/03\/33715397-35401974-1024x802.jpg\",\"datePublished\":\"2025-03-31T08:57:46+00:00\",\"dateModified\":\"2025-03-31T09:03:27+00:00\",\"breadcrumb\":{\"@id\":\"https:\/\/kosmetikvilla.de\/index.php\/tmt-system\/#breadcrumb\"},\"inLanguage\":\"de\",\"potentialAction\":[{\"@type\":\"ReadAction\",\"target\":[\"https:\/\/kosmetikvilla.de\/index.php\/tmt-system\/\"]}]},{\"@type\":\"ImageObject\",\"inLanguage\":\"de\",\"@id\":\"https:\/\/kosmetikvilla.de\/index.php\/tmt-system\/#primaryimage\",\"url\":\"https:\/\/kosmetikvilla.de\/wp-content\/uploads\/2025\/03\/33715397-35401974.jpg\",\"contentUrl\":\"https:\/\/kosmetikvilla.de\/wp-content\/uploads\/2025\/03\/33715397-35401974.jpg\",\"width\":2185,\"height\":1712},{\"@type\":\"BreadcrumbList\",\"@id\":\"https:\/\/kosmetikvilla.de\/index.php\/tmt-system\/#breadcrumb\",\"itemListElement\":[{\"@type\":\"ListItem\",\"position\":1,\"name\":\"Startseite\",\"item\":\"https:\/\/kosmetikvilla.de\/\"},{\"@type\":\"ListItem\",\"position\":2,\"name\":\"TMT System\"}]},{\"@type\":\"WebSite\",\"@id\":\"https:\/\/kosmetikvilla.de\/#website\",\"url\":\"https:\/\/kosmetikvilla.de\/\",\"name\":\"Kosmetik Villa\",\"description\":\"\",\"publisher\":{\"@id\":\"https:\/\/kosmetikvilla.de\/#organization\"},\"potentialAction\":[{\"@type\":\"SearchAction\",\"target\":{\"@type\":\"EntryPoint\",\"urlTemplate\":\"https:\/\/kosmetikvilla.de\/?s={search_term_string}\"},\"query-input\":{\"@type\":\"PropertyValueSpecification\",\"valueRequired\":true,\"valueName\":\"search_term_string\"}}],\"inLanguage\":\"de\"},{\"@type\":\"Organization\",\"@id\":\"https:\/\/kosmetikvilla.de\/#organization\",\"name\":\"Kosmetik Villa\",\"url\":\"https:\/\/kosmetikvilla.de\/\",\"logo\":{\"@type\":\"ImageObject\",\"inLanguage\":\"de\",\"@id\":\"https:\/\/kosmetikvilla.de\/#\/schema\/logo\/image\/\",\"url\":\"https:\/\/kosmetikvilla.de\/wp-content\/uploads\/2025\/03\/cropped-cropped-Logo-removebg-preview.png\",\"contentUrl\":\"https:\/\/kosmetikvilla.de\/wp-content\/uploads\/2025\/03\/cropped-cropped-Logo-removebg-preview.png\",\"width\":540,\"height\":369,\"caption\":\"Kosmetik Villa\"},\"image\":{\"@id\":\"https:\/\/kosmetikvilla.de\/#\/schema\/logo\/image\/\"}}]}<\/script>\n<!-- \/ Yoast SEO plugin. -->","yoast_head_json":{"title":"TMT System - Kosmetik Villa","robots":{"index":"index","follow":"follow","max-snippet":"max-snippet:-1","max-image-preview":"max-image-preview:large","max-video-preview":"max-video-preview:-1"},"canonical":"https:\/\/kosmetikvilla.de\/index.php\/tmt-system\/","og_locale":"de_DE","og_type":"article","og_title":"TMT System - Kosmetik Villa","og_description":"TMT System mesoestetic hochwirksames Antiaging Kosmetik die unter die Haut geht Sehr zu empfehlen Vor und Nach jedem \u00e4sthetischen kosmetischen Eingriff.F\u00f6rdert und verbessert die besseren heilenden und l\u00e4nger anhaltenden Behandlungsergebnisse. Einmal im Jahr eine Mesoestetic Kur verringert den Hautalterungsprozess, f\u00fcllt und polstert Linien und F\u00e4ltchen auf und l\u00e4sst Konturen straffer aussehen. Auch besonders gut geeignet [&hellip;]","og_url":"https:\/\/kosmetikvilla.de\/index.php\/tmt-system\/","og_site_name":"Kosmetik Villa","article_modified_time":"2025-03-31T09:03:27+00:00","og_image":[{"width":2185,"height":1712,"url":"https:\/\/kosmetikvilla.de\/wp-content\/uploads\/2025\/03\/33715397-35401974.jpg","type":"image\/jpeg"}],"twitter_card":"summary_large_image","twitter_misc":{"Gesch\u00e4tzte Lesezeit":"2\u00a0Minuten"},"schema":{"@context":"https:\/\/schema.org","@graph":[{"@type":"WebPage","@id":"https:\/\/kosmetikvilla.de\/index.php\/tmt-system\/","url":"https:\/\/kosmetikvilla.de\/index.php\/tmt-system\/","name":"TMT System - Kosmetik Villa","isPartOf":{"@id":"https:\/\/kosmetikvilla.de\/#website"},"primaryImageOfPage":{"@id":"https:\/\/kosmetikvilla.de\/index.php\/tmt-system\/#primaryimage"},"image":{"@id":"https:\/\/kosmetikvilla.de\/index.php\/tmt-system\/#primaryimage"},"thumbnailUrl":"https:\/\/kosmetikvilla.de\/wp-content\/uploads\/2025\/03\/33715397-35401974-1024x802.jpg","datePublished":"2025-03-31T08:57:46+00:00","dateModified":"2025-03-31T09:03:27+00:00","breadcrumb":{"@id":"https:\/\/kosmetikvilla.de\/index.php\/tmt-system\/#breadcrumb"},"inLanguage":"de","potentialAction":[{"@type":"ReadAction","target":["https:\/\/kosmetikvilla.de\/index.php\/tmt-system\/"]}]},{"@type":"ImageObject","inLanguage":"de","@id":"https:\/\/kosmetikvilla.de\/index.php\/tmt-system\/#primaryimage","url":"https:\/\/kosmetikvilla.de\/wp-content\/uploads\/2025\/03\/33715397-35401974.jpg","contentUrl":"https:\/\/kosmetikvilla.de\/wp-content\/uploads\/2025\/03\/33715397-35401974.jpg","width":2185,"height":1712},{"@type":"BreadcrumbList","@id":"https:\/\/kosmetikvilla.de\/index.php\/tmt-system\/#breadcrumb","itemListElement":[{"@type":"ListItem","position":1,"name":"Startseite","item":"https:\/\/kosmetikvilla.de\/"},{"@type":"ListItem","position":2,"name":"TMT System"}]},{"@type":"WebSite","@id":"https:\/\/kosmetikvilla.de\/#website","url":"https:\/\/kosmetikvilla.de\/","name":"Kosmetik Villa","description":"","publisher":{"@id":"https:\/\/kosmetikvilla.de\/#organization"},"potentialAction":[{"@type":"SearchAction","target":{"@type":"EntryPoint","urlTemplate":"https:\/\/kosmetikvilla.de\/?s={search_term_string}"},"query-input":{"@type":"PropertyValueSpecification","valueRequired":true,"valueName":"search_term_string"}}],"inLanguage":"de"},{"@type":"Organization","@id":"https:\/\/kosmetikvilla.de\/#organization","name":"Kosmetik Villa","url":"https:\/\/kosmetikvilla.de\/","logo":{"@type":"ImageObject","inLanguage":"de","@id":"https:\/\/kosmetikvilla.de\/#\/schema\/logo\/image\/","url":"https:\/\/kosmetikvilla.de\/wp-content\/uploads\/2025\/03\/cropped-cropped-Logo-removebg-preview.png","contentUrl":"https:\/\/kosmetikvilla.de\/wp-content\/uploads\/2025\/03\/cropped-cropped-Logo-removebg-preview.png","width":540,"height":369,"caption":"Kosmetik Villa"},"image":{"@id":"https:\/\/kosmetikvilla.de\/#\/schema\/logo\/image\/"}}]}},"_links":{"self":[{"href":"https:\/\/kosmetikvilla.de\/index.php\/wp-json\/wp\/v2\/pages\/251","targetHints":{"allow":["GET"]}}],"collection":[{"href":"https:\/\/kosmetikvilla.de\/index.php\/wp-json\/wp\/v2\/pages"}],"about":[{"href":"https:\/\/kosmetikvilla.de\/index.php\/wp-json\/wp\/v2\/types\/page"}],"author":[{"embeddable":true,"href":"https:\/\/kosmetikvilla.de\/index.php\/wp-json\/wp\/v2\/users\/1"}],"replies":[{"embeddable":true,"href":"https:\/\/kosmetikvilla.de\/index.php\/wp-json\/wp\/v2\/comments?post=251"}],"version-history":[{"count":6,"href":"https:\/\/kosmetikvilla.de\/index.php\/wp-json\/wp\/v2\/pages\/251\/revisions"}],"predecessor-version":[{"id":258,"href":"https:\/\/kosmetikvilla.de\/index.php\/wp-json\/wp\/v2\/pages\/251\/revisions\/258"}],"wp:attachment":[{"href":"https:\/\/kosmetikvilla.de\/index.php\/wp-json\/wp\/v2\/media?parent=251"}],"curies":[{"name":"wp","href":"https:\/\/api.w.org\/{rel}","templated":true}]}}