{"id":306,"date":"2025-03-31T18:02:51","date_gmt":"2025-03-31T18:02:51","guid":{"rendered":"https:\/\/kosmetikvilla.de\/?page_id=306"},"modified":"2025-03-31T18:10:41","modified_gmt":"2025-03-31T18:10:41","slug":"retinol","status":"publish","type":"page","link":"https:\/\/kosmetikvilla.de\/index.php\/retinol\/","title":{"rendered":"Retinol"},"content":{"rendered":"\t\t<div data-elementor-type=\"wp-page\" data-elementor-id=\"306\" class=\"elementor elementor-306\">\n\t\t\t\t<div class=\"elementor-element elementor-element-9e094f6 e-flex e-con-boxed e-con e-parent\" data-id=\"9e094f6\" data-element_type=\"container\">\n\t\t\t\t\t<div class=\"e-con-inner\">\n\t\t\t\t<div class=\"elementor-element elementor-element-2dd988b elementor-widget elementor-widget-heading\" data-id=\"2dd988b\" data-element_type=\"widget\" data-widget_type=\"heading.default\">\n\t\t\t\t<div class=\"elementor-widget-container\">\n\t\t\t\t\t<h2 class=\"elementor-heading-title elementor-size-default\">Retinol Behandlungen<\/h2>\t\t\t\t<\/div>\n\t\t\t\t<\/div>\n\t\t\t\t<div class=\"elementor-element elementor-element-b46f040 elementor-widget elementor-widget-text-editor\" data-id=\"b46f040\" data-element_type=\"widget\" data-widget_type=\"text-editor.default\">\n\t\t\t\t<div class=\"elementor-widget-container\">\n\t\t\t\t\t\t\t\t\t<p class=\"font_8 wixui-rich-text__text\"><span class=\"wixui-rich-text__text\">Die sichtbare Hautverj\u00fcngung, die bereits nach zwei bis vier Anwendungen erkennbar ist, basiert auf dem innovativen Wirkstoff Hydroxypinacolone Retinoate. Im Gegensatz zu herk\u00f6mmlichen Retinol-Estern wie Retinyl Palmitate oder Retinyl Linoleate, die in der Haut erst durch mehrere chemische Umwandlungen in Vitamin-A-S\u00e4ure \u00fcberf\u00fchrt werden m\u00fcssen, handelt es sich bei Hydroxypinacolone Retinoate um einen direkten Ester der Vitamin-A-S\u00e4ure. Dieser kann unmittelbar an die Rezeptoren binden und so seine Wirkung entfalten.<\/span><\/p><p class=\"font_8 wixui-rich-text__text\">\u00a0<\/p><p class=\"font_8 wixui-rich-text__text\"><span class=\"wixui-rich-text__text\">Dank dieser gezielten Wirkweise stimulieren die Craith Lab MFR Retinolprodukte die Zellneubildung, f\u00f6rdern die Kollagenproduktion und verhindern den Abbau von Elastin und Kollagen \u2013 und das alles ohne die Haut zu reizen.<\/span><\/p><p class=\"font_8 wixui-rich-text__text\"><span class=\"wixui-rich-text__text\">\u200b<\/span><\/p><p class=\"font_8 wixui-rich-text__text\"><span class=\"wixui-rich-text__text\">Die Craith Lab MFR Retinol Kollektion umfasst:<\/span><\/p><ul class=\"font_8 wixui-rich-text__text\"><li class=\"wixui-rich-text__text\"><p class=\"font_8 wixui-rich-text__text\"><span class=\"wixui-rich-text__text\">MFR Retinol Prepare &amp; Calming Serum,<\/span><\/p><\/li><li class=\"wixui-rich-text__text\"><p class=\"font_8 wixui-rich-text__text\"><span class=\"wixui-rich-text__text\">MFR Retinol Cream Phase 1 mit 2,5 % Hydroxypinacolone Retinoate,<\/span><\/p><\/li><li class=\"wixui-rich-text__text\"><p class=\"font_8 wixui-rich-text__text\"><span class=\"wixui-rich-text__text\">MFR Retinol Cream Phase 2 mit 4,0 % Hydroxypinacolone Retinoate.<\/span><\/p><\/li><\/ul><p class=\"font_8 wixui-rich-text__text\"><span class=\"wixui-rich-text__text\">Craith Lab ist die erste Pflegelinie, die ein hocheffektives Zusammenspiel aus Probiotika und individuellen genetischen Ans\u00e4tzen bietet. Basierend auf den neuesten wissenschaftlichen Erkenntnissen und jahrzehntelanger Erfahrung in der Hautpflege setzt Craith Lab neue Ma\u00dfst\u00e4be in der Wirksamkeit und Vertr\u00e4glichkeit.<\/span><\/p>\t\t\t\t\t\t\t\t<\/div>\n\t\t\t\t<\/div>\n\t\t\t\t<div class=\"elementor-element elementor-element-863c247 elementor-widget elementor-widget-image\" data-id=\"863c247\" data-element_type=\"widget\" data-widget_type=\"image.default\">\n\t\t\t\t<div class=\"elementor-widget-container\">\n\t\t\t\t\t\t\t\t\t\t\t\t\t\t\t<img fetchpriority=\"high\" decoding=\"async\" width=\"836\" height=\"1024\" src=\"https:\/\/kosmetikvilla.de\/wp-content\/uploads\/2025\/03\/WhatsApp-Bild-2025-03-31-um-19.22.37_0b555574-836x1024.jpg\" class=\"attachment-large size-large wp-image-308\" alt=\"\" srcset=\"https:\/\/kosmetikvilla.de\/wp-content\/uploads\/2025\/03\/WhatsApp-Bild-2025-03-31-um-19.22.37_0b555574-836x1024.jpg 836w, https:\/\/kosmetikvilla.de\/wp-content\/uploads\/2025\/03\/WhatsApp-Bild-2025-03-31-um-19.22.37_0b555574-245x300.jpg 245w, https:\/\/kosmetikvilla.de\/wp-content\/uploads\/2025\/03\/WhatsApp-Bild-2025-03-31-um-19.22.37_0b555574-768x941.jpg 768w, https:\/\/kosmetikvilla.de\/wp-content\/uploads\/2025\/03\/WhatsApp-Bild-2025-03-31-um-19.22.37_0b555574.jpg 1170w\" sizes=\"(max-width: 836px) 100vw, 836px\" \/>\t\t\t\t\t\t\t\t\t\t\t\t\t\t\t<\/div>\n\t\t\t\t<\/div>\n\t\t\t\t\t<\/div>\n\t\t\t\t<\/div>\n\t\t<div class=\"elementor-element elementor-element-9e79711 e-flex e-con-boxed e-con e-parent\" data-id=\"9e79711\" data-element_type=\"container\">\n\t\t\t\t\t<div class=\"e-con-inner\">\n\t\t\t\t<div class=\"elementor-element elementor-element-177ee5e elementor-arrows-position-inside elementor-pagination-position-outside elementor-widget elementor-widget-image-carousel\" data-id=\"177ee5e\" data-element_type=\"widget\" data-settings=\"{&quot;navigation&quot;:&quot;both&quot;,&quot;autoplay&quot;:&quot;yes&quot;,&quot;pause_on_hover&quot;:&quot;yes&quot;,&quot;pause_on_interaction&quot;:&quot;yes&quot;,&quot;autoplay_speed&quot;:5000,&quot;infinite&quot;:&quot;yes&quot;,&quot;speed&quot;:500}\" data-widget_type=\"image-carousel.default\">\n\t\t\t\t<div class=\"elementor-widget-container\">\n\t\t\t\t\t\t\t<div class=\"elementor-image-carousel-wrapper swiper\" role=\"region\" aria-roledescription=\"carousel\" aria-label=\"Bild Karussell\" dir=\"ltr\">\n\t\t\t<div class=\"elementor-image-carousel swiper-wrapper\" aria-live=\"off\">\n\t\t\t\t\t\t\t\t<div class=\"swiper-slide\" role=\"group\" aria-roledescription=\"slide\" aria-label=\"1 von 20\"><figure class=\"swiper-slide-inner\"><img decoding=\"async\" class=\"swiper-slide-image\" src=\"https:\/\/kosmetikvilla.de\/wp-content\/uploads\/2025\/03\/Voor-en-na-beeld-beurs-2023-DE-20-768x543.png\" alt=\"Voor en na beeld beurs 2023 DE-20\" \/><\/figure><\/div><div class=\"swiper-slide\" role=\"group\" aria-roledescription=\"slide\" aria-label=\"2 von 20\"><figure class=\"swiper-slide-inner\"><img decoding=\"async\" class=\"swiper-slide-image\" src=\"https:\/\/kosmetikvilla.de\/wp-content\/uploads\/2025\/03\/Voor-en-na-beeld-beurs-2023-DE-01-768x543.png\" alt=\"Voor en na beeld beurs 2023 DE-01\" \/><\/figure><\/div><div class=\"swiper-slide\" role=\"group\" aria-roledescription=\"slide\" aria-label=\"3 von 20\"><figure class=\"swiper-slide-inner\"><img decoding=\"async\" class=\"swiper-slide-image\" src=\"https:\/\/kosmetikvilla.de\/wp-content\/uploads\/2025\/03\/Voor-en-na-beeld-beurs-2023-DE-02-768x543.png\" alt=\"Voor en na beeld beurs 2023 DE-02\" \/><\/figure><\/div><div class=\"swiper-slide\" role=\"group\" aria-roledescription=\"slide\" aria-label=\"4 von 20\"><figure class=\"swiper-slide-inner\"><img decoding=\"async\" class=\"swiper-slide-image\" src=\"https:\/\/kosmetikvilla.de\/wp-content\/uploads\/2025\/03\/Voor-en-na-beeld-beurs-2023-DE-03-768x543.png\" alt=\"Voor en na beeld beurs 2023 DE-03\" \/><\/figure><\/div><div class=\"swiper-slide\" role=\"group\" aria-roledescription=\"slide\" aria-label=\"5 von 20\"><figure class=\"swiper-slide-inner\"><img decoding=\"async\" class=\"swiper-slide-image\" src=\"https:\/\/kosmetikvilla.de\/wp-content\/uploads\/2025\/03\/Voor-en-na-beeld-beurs-2023-DE-04-768x543.png\" alt=\"Voor en na beeld beurs 2023 DE-04\" \/><\/figure><\/div><div class=\"swiper-slide\" role=\"group\" aria-roledescription=\"slide\" aria-label=\"6 von 20\"><figure class=\"swiper-slide-inner\"><img decoding=\"async\" class=\"swiper-slide-image\" src=\"https:\/\/kosmetikvilla.de\/wp-content\/uploads\/2025\/03\/Voor-en-na-beeld-beurs-2023-DE-05-768x543.png\" alt=\"Voor en na beeld beurs 2023 DE-05\" \/><\/figure><\/div><div class=\"swiper-slide\" role=\"group\" aria-roledescription=\"slide\" aria-label=\"7 von 20\"><figure class=\"swiper-slide-inner\"><img decoding=\"async\" class=\"swiper-slide-image\" src=\"https:\/\/kosmetikvilla.de\/wp-content\/uploads\/2025\/03\/Voor-en-na-beeld-beurs-2023-DE-06-768x543.png\" alt=\"Voor en na beeld beurs 2023 DE-06\" \/><\/figure><\/div><div class=\"swiper-slide\" role=\"group\" aria-roledescription=\"slide\" aria-label=\"8 von 20\"><figure class=\"swiper-slide-inner\"><img decoding=\"async\" class=\"swiper-slide-image\" src=\"https:\/\/kosmetikvilla.de\/wp-content\/uploads\/2025\/03\/Voor-en-na-beeld-beurs-2023-DE-07-768x543.png\" alt=\"Voor en na beeld beurs 2023 DE-07\" \/><\/figure><\/div><div class=\"swiper-slide\" role=\"group\" aria-roledescription=\"slide\" aria-label=\"9 von 20\"><figure class=\"swiper-slide-inner\"><img decoding=\"async\" class=\"swiper-slide-image\" src=\"https:\/\/kosmetikvilla.de\/wp-content\/uploads\/2025\/03\/Voor-en-na-beeld-beurs-2023-DE-08-768x543.png\" alt=\"Voor en na beeld beurs 2023 DE-08\" \/><\/figure><\/div><div class=\"swiper-slide\" role=\"group\" aria-roledescription=\"slide\" aria-label=\"10 von 20\"><figure class=\"swiper-slide-inner\"><img decoding=\"async\" class=\"swiper-slide-image\" src=\"https:\/\/kosmetikvilla.de\/wp-content\/uploads\/2025\/03\/Voor-en-na-beeld-beurs-2023-DE-09-768x543.png\" alt=\"Voor en na beeld beurs 2023 DE-09\" \/><\/figure><\/div><div class=\"swiper-slide\" role=\"group\" aria-roledescription=\"slide\" aria-label=\"11 von 20\"><figure class=\"swiper-slide-inner\"><img decoding=\"async\" class=\"swiper-slide-image\" src=\"https:\/\/kosmetikvilla.de\/wp-content\/uploads\/2025\/03\/Voor-en-na-beeld-beurs-2023-DE-10-768x543.png\" alt=\"Voor en na beeld beurs 2023 DE-10\" \/><\/figure><\/div><div class=\"swiper-slide\" role=\"group\" aria-roledescription=\"slide\" aria-label=\"12 von 20\"><figure class=\"swiper-slide-inner\"><img decoding=\"async\" class=\"swiper-slide-image\" src=\"https:\/\/kosmetikvilla.de\/wp-content\/uploads\/2025\/03\/Voor-en-na-beeld-beurs-2023-DE-11-768x543.png\" alt=\"Voor en na beeld beurs 2023 DE-11\" \/><\/figure><\/div><div class=\"swiper-slide\" role=\"group\" aria-roledescription=\"slide\" aria-label=\"13 von 20\"><figure class=\"swiper-slide-inner\"><img decoding=\"async\" class=\"swiper-slide-image\" src=\"https:\/\/kosmetikvilla.de\/wp-content\/uploads\/2025\/03\/Voor-en-na-beeld-beurs-2023-DE-12-768x543.png\" alt=\"Voor en na beeld beurs 2023 DE-12\" \/><\/figure><\/div><div class=\"swiper-slide\" role=\"group\" aria-roledescription=\"slide\" aria-label=\"14 von 20\"><figure class=\"swiper-slide-inner\"><img decoding=\"async\" class=\"swiper-slide-image\" src=\"https:\/\/kosmetikvilla.de\/wp-content\/uploads\/2025\/03\/Voor-en-na-beeld-beurs-2023-DE-13-768x543.png\" alt=\"Voor en na beeld beurs 2023 DE-13\" \/><\/figure><\/div><div class=\"swiper-slide\" role=\"group\" aria-roledescription=\"slide\" aria-label=\"15 von 20\"><figure class=\"swiper-slide-inner\"><img decoding=\"async\" class=\"swiper-slide-image\" src=\"https:\/\/kosmetikvilla.de\/wp-content\/uploads\/2025\/03\/Voor-en-na-beeld-beurs-2023-DE-14-768x543.png\" alt=\"Voor en na beeld beurs 2023 DE-14\" \/><\/figure><\/div><div class=\"swiper-slide\" role=\"group\" aria-roledescription=\"slide\" aria-label=\"16 von 20\"><figure class=\"swiper-slide-inner\"><img decoding=\"async\" class=\"swiper-slide-image\" src=\"https:\/\/kosmetikvilla.de\/wp-content\/uploads\/2025\/03\/Voor-en-na-beeld-beurs-2023-DE-15-768x543.png\" alt=\"Voor en na beeld beurs 2023 DE-15\" \/><\/figure><\/div><div class=\"swiper-slide\" role=\"group\" aria-roledescription=\"slide\" aria-label=\"17 von 20\"><figure class=\"swiper-slide-inner\"><img decoding=\"async\" class=\"swiper-slide-image\" src=\"https:\/\/kosmetikvilla.de\/wp-content\/uploads\/2025\/03\/Voor-en-na-beeld-beurs-2023-DE-16-768x543.png\" alt=\"Voor en na beeld beurs 2023 DE-16\" \/><\/figure><\/div><div class=\"swiper-slide\" role=\"group\" aria-roledescription=\"slide\" aria-label=\"18 von 20\"><figure class=\"swiper-slide-inner\"><img decoding=\"async\" class=\"swiper-slide-image\" src=\"https:\/\/kosmetikvilla.de\/wp-content\/uploads\/2025\/03\/Voor-en-na-beeld-beurs-2023-DE-17-768x543.png\" alt=\"Voor en na beeld beurs 2023 DE-17\" \/><\/figure><\/div><div class=\"swiper-slide\" role=\"group\" aria-roledescription=\"slide\" aria-label=\"19 von 20\"><figure class=\"swiper-slide-inner\"><img decoding=\"async\" class=\"swiper-slide-image\" src=\"https:\/\/kosmetikvilla.de\/wp-content\/uploads\/2025\/03\/Voor-en-na-beeld-beurs-2023-DE-18-768x543.png\" alt=\"Voor en na beeld beurs 2023 DE-18\" \/><\/figure><\/div><div class=\"swiper-slide\" role=\"group\" aria-roledescription=\"slide\" aria-label=\"20 von 20\"><figure class=\"swiper-slide-inner\"><img decoding=\"async\" class=\"swiper-slide-image\" src=\"https:\/\/kosmetikvilla.de\/wp-content\/uploads\/2025\/03\/Voor-en-na-beeld-beurs-2023-DE-19-768x543.png\" alt=\"Voor en na beeld beurs 2023 DE-19\" \/><\/figure><\/div>\t\t\t<\/div>\n\t\t\t\t\t\t\t\t\t\t\t\t<div class=\"elementor-swiper-button elementor-swiper-button-prev\" role=\"button\" tabindex=\"0\">\n\t\t\t\t\t\t<svg aria-hidden=\"true\" class=\"e-font-icon-svg e-eicon-chevron-left\" viewBox=\"0 0 1000 1000\" xmlns=\"http:\/\/www.w3.org\/2000\/svg\"><path d=\"M646 125C629 125 613 133 604 142L308 442C296 454 292 471 292 487 292 504 296 521 308 533L604 854C617 867 629 875 646 875 663 875 679 871 692 858 704 846 713 829 713 812 713 796 708 779 692 767L438 487 692 225C700 217 708 204 708 187 708 171 704 154 692 142 675 129 663 125 646 125Z\"><\/path><\/svg>\t\t\t\t\t<\/div>\n\t\t\t\t\t<div class=\"elementor-swiper-button elementor-swiper-button-next\" role=\"button\" tabindex=\"0\">\n\t\t\t\t\t\t<svg aria-hidden=\"true\" class=\"e-font-icon-svg e-eicon-chevron-right\" viewBox=\"0 0 1000 1000\" xmlns=\"http:\/\/www.w3.org\/2000\/svg\"><path d=\"M696 533C708 521 713 504 713 487 713 471 708 454 696 446L400 146C388 133 375 125 354 125 338 125 325 129 313 142 300 154 292 171 292 187 292 204 296 221 308 233L563 492 304 771C292 783 288 800 288 817 288 833 296 850 308 863 321 871 338 875 354 875 371 875 388 867 400 854L696 533Z\"><\/path><\/svg>\t\t\t\t\t<\/div>\n\t\t\t\t\n\t\t\t\t\t\t\t\t\t<div class=\"swiper-pagination\"><\/div>\n\t\t\t\t\t\t\t\t\t<\/div>\n\t\t\t\t\t\t<\/div>\n\t\t\t\t<\/div>\n\t\t\t\t\t<\/div>\n\t\t\t\t<\/div>\n\t\t\t\t<\/div>\n\t\t","protected":false},"excerpt":{"rendered":"<p>Retinol Behandlungen Die sichtbare Hautverj\u00fcngung, die bereits nach zwei bis vier Anwendungen erkennbar ist, basiert auf dem innovativen Wirkstoff Hydroxypinacolone Retinoate. Im Gegensatz zu herk\u00f6mmlichen Retinol-Estern wie Retinyl Palmitate oder Retinyl Linoleate, die in der Haut erst durch mehrere chemische Umwandlungen in Vitamin-A-S\u00e4ure \u00fcberf\u00fchrt werden m\u00fcssen, handelt es sich bei Hydroxypinacolone Retinoate um einen direkten [&hellip;]<\/p>\n","protected":false},"author":1,"featured_media":0,"parent":0,"menu_order":0,"comment_status":"closed","ping_status":"closed","template":"","meta":{"footnotes":""},"class_list":["post-306","page","type-page","status-publish","hentry","entry"],"yoast_head":"<!-- This site is optimized with the Yoast SEO plugin v24.7 - https:\/\/yoast.com\/wordpress\/plugins\/seo\/ -->\n<title>Retinol - Kosmetik Villa<\/title>\n<meta name=\"robots\" content=\"index, follow, max-snippet:-1, max-image-preview:large, max-video-preview:-1\" \/>\n<link rel=\"canonical\" href=\"https:\/\/kosmetikvilla.de\/index.php\/retinol\/\" \/>\n<meta property=\"og:locale\" content=\"de_DE\" \/>\n<meta property=\"og:type\" content=\"article\" \/>\n<meta property=\"og:title\" content=\"Retinol - Kosmetik Villa\" \/>\n<meta property=\"og:description\" content=\"Retinol Behandlungen Die sichtbare Hautverj\u00fcngung, die bereits nach zwei bis vier Anwendungen erkennbar ist, basiert auf dem innovativen Wirkstoff Hydroxypinacolone Retinoate. Im Gegensatz zu herk\u00f6mmlichen Retinol-Estern wie Retinyl Palmitate oder Retinyl Linoleate, die in der Haut erst durch mehrere chemische Umwandlungen in Vitamin-A-S\u00e4ure \u00fcberf\u00fchrt werden m\u00fcssen, handelt es sich bei Hydroxypinacolone Retinoate um einen direkten [&hellip;]\" \/>\n<meta property=\"og:url\" content=\"https:\/\/kosmetikvilla.de\/index.php\/retinol\/\" \/>\n<meta property=\"og:site_name\" content=\"Kosmetik Villa\" \/>\n<meta property=\"article:modified_time\" content=\"2025-03-31T18:10:41+00:00\" \/>\n<meta property=\"og:image\" content=\"https:\/\/kosmetikvilla.de\/wp-content\/uploads\/2025\/03\/WhatsApp-Bild-2025-03-31-um-19.22.37_0b555574.jpg\" \/>\n\t<meta property=\"og:image:width\" content=\"1170\" \/>\n\t<meta property=\"og:image:height\" content=\"1433\" \/>\n\t<meta property=\"og:image:type\" content=\"image\/jpeg\" \/>\n<meta name=\"twitter:card\" content=\"summary_large_image\" \/>\n<meta name=\"twitter:label1\" content=\"Gesch\u00e4tzte Lesezeit\" \/>\n\t<meta name=\"twitter:data1\" content=\"7\u00a0Minuten\" \/>\n<script type=\"application\/ld+json\" class=\"yoast-schema-graph\">{\"@context\":\"https:\/\/schema.org\",\"@graph\":[{\"@type\":\"WebPage\",\"@id\":\"https:\/\/kosmetikvilla.de\/index.php\/retinol\/\",\"url\":\"https:\/\/kosmetikvilla.de\/index.php\/retinol\/\",\"name\":\"Retinol - Kosmetik Villa\",\"isPartOf\":{\"@id\":\"https:\/\/kosmetikvilla.de\/#website\"},\"primaryImageOfPage\":{\"@id\":\"https:\/\/kosmetikvilla.de\/index.php\/retinol\/#primaryimage\"},\"image\":{\"@id\":\"https:\/\/kosmetikvilla.de\/index.php\/retinol\/#primaryimage\"},\"thumbnailUrl\":\"https:\/\/kosmetikvilla.de\/wp-content\/uploads\/2025\/03\/WhatsApp-Bild-2025-03-31-um-19.22.37_0b555574-836x1024.jpg\",\"datePublished\":\"2025-03-31T18:02:51+00:00\",\"dateModified\":\"2025-03-31T18:10:41+00:00\",\"breadcrumb\":{\"@id\":\"https:\/\/kosmetikvilla.de\/index.php\/retinol\/#breadcrumb\"},\"inLanguage\":\"de\",\"potentialAction\":[{\"@type\":\"ReadAction\",\"target\":[\"https:\/\/kosmetikvilla.de\/index.php\/retinol\/\"]}]},{\"@type\":\"ImageObject\",\"inLanguage\":\"de\",\"@id\":\"https:\/\/kosmetikvilla.de\/index.php\/retinol\/#primaryimage\",\"url\":\"https:\/\/kosmetikvilla.de\/wp-content\/uploads\/2025\/03\/WhatsApp-Bild-2025-03-31-um-19.22.37_0b555574.jpg\",\"contentUrl\":\"https:\/\/kosmetikvilla.de\/wp-content\/uploads\/2025\/03\/WhatsApp-Bild-2025-03-31-um-19.22.37_0b555574.jpg\",\"width\":1170,\"height\":1433},{\"@type\":\"BreadcrumbList\",\"@id\":\"https:\/\/kosmetikvilla.de\/index.php\/retinol\/#breadcrumb\",\"itemListElement\":[{\"@type\":\"ListItem\",\"position\":1,\"name\":\"Startseite\",\"item\":\"https:\/\/kosmetikvilla.de\/\"},{\"@type\":\"ListItem\",\"position\":2,\"name\":\"Retinol\"}]},{\"@type\":\"WebSite\",\"@id\":\"https:\/\/kosmetikvilla.de\/#website\",\"url\":\"https:\/\/kosmetikvilla.de\/\",\"name\":\"Kosmetik Villa\",\"description\":\"\",\"publisher\":{\"@id\":\"https:\/\/kosmetikvilla.de\/#organization\"},\"potentialAction\":[{\"@type\":\"SearchAction\",\"target\":{\"@type\":\"EntryPoint\",\"urlTemplate\":\"https:\/\/kosmetikvilla.de\/?s={search_term_string}\"},\"query-input\":{\"@type\":\"PropertyValueSpecification\",\"valueRequired\":true,\"valueName\":\"search_term_string\"}}],\"inLanguage\":\"de\"},{\"@type\":\"Organization\",\"@id\":\"https:\/\/kosmetikvilla.de\/#organization\",\"name\":\"Kosmetik Villa\",\"url\":\"https:\/\/kosmetikvilla.de\/\",\"logo\":{\"@type\":\"ImageObject\",\"inLanguage\":\"de\",\"@id\":\"https:\/\/kosmetikvilla.de\/#\/schema\/logo\/image\/\",\"url\":\"https:\/\/kosmetikvilla.de\/wp-content\/uploads\/2025\/03\/cropped-cropped-Logo-removebg-preview.png\",\"contentUrl\":\"https:\/\/kosmetikvilla.de\/wp-content\/uploads\/2025\/03\/cropped-cropped-Logo-removebg-preview.png\",\"width\":540,\"height\":369,\"caption\":\"Kosmetik Villa\"},\"image\":{\"@id\":\"https:\/\/kosmetikvilla.de\/#\/schema\/logo\/image\/\"}}]}<\/script>\n<!-- \/ Yoast SEO plugin. -->","yoast_head_json":{"title":"Retinol - Kosmetik Villa","robots":{"index":"index","follow":"follow","max-snippet":"max-snippet:-1","max-image-preview":"max-image-preview:large","max-video-preview":"max-video-preview:-1"},"canonical":"https:\/\/kosmetikvilla.de\/index.php\/retinol\/","og_locale":"de_DE","og_type":"article","og_title":"Retinol - Kosmetik Villa","og_description":"Retinol Behandlungen Die sichtbare Hautverj\u00fcngung, die bereits nach zwei bis vier Anwendungen erkennbar ist, basiert auf dem innovativen Wirkstoff Hydroxypinacolone Retinoate. Im Gegensatz zu herk\u00f6mmlichen Retinol-Estern wie Retinyl Palmitate oder Retinyl Linoleate, die in der Haut erst durch mehrere chemische Umwandlungen in Vitamin-A-S\u00e4ure \u00fcberf\u00fchrt werden m\u00fcssen, handelt es sich bei Hydroxypinacolone Retinoate um einen direkten [&hellip;]","og_url":"https:\/\/kosmetikvilla.de\/index.php\/retinol\/","og_site_name":"Kosmetik Villa","article_modified_time":"2025-03-31T18:10:41+00:00","og_image":[{"width":1170,"height":1433,"url":"https:\/\/kosmetikvilla.de\/wp-content\/uploads\/2025\/03\/WhatsApp-Bild-2025-03-31-um-19.22.37_0b555574.jpg","type":"image\/jpeg"}],"twitter_card":"summary_large_image","twitter_misc":{"Gesch\u00e4tzte Lesezeit":"7\u00a0Minuten"},"schema":{"@context":"https:\/\/schema.org","@graph":[{"@type":"WebPage","@id":"https:\/\/kosmetikvilla.de\/index.php\/retinol\/","url":"https:\/\/kosmetikvilla.de\/index.php\/retinol\/","name":"Retinol - Kosmetik Villa","isPartOf":{"@id":"https:\/\/kosmetikvilla.de\/#website"},"primaryImageOfPage":{"@id":"https:\/\/kosmetikvilla.de\/index.php\/retinol\/#primaryimage"},"image":{"@id":"https:\/\/kosmetikvilla.de\/index.php\/retinol\/#primaryimage"},"thumbnailUrl":"https:\/\/kosmetikvilla.de\/wp-content\/uploads\/2025\/03\/WhatsApp-Bild-2025-03-31-um-19.22.37_0b555574-836x1024.jpg","datePublished":"2025-03-31T18:02:51+00:00","dateModified":"2025-03-31T18:10:41+00:00","breadcrumb":{"@id":"https:\/\/kosmetikvilla.de\/index.php\/retinol\/#breadcrumb"},"inLanguage":"de","potentialAction":[{"@type":"ReadAction","target":["https:\/\/kosmetikvilla.de\/index.php\/retinol\/"]}]},{"@type":"ImageObject","inLanguage":"de","@id":"https:\/\/kosmetikvilla.de\/index.php\/retinol\/#primaryimage","url":"https:\/\/kosmetikvilla.de\/wp-content\/uploads\/2025\/03\/WhatsApp-Bild-2025-03-31-um-19.22.37_0b555574.jpg","contentUrl":"https:\/\/kosmetikvilla.de\/wp-content\/uploads\/2025\/03\/WhatsApp-Bild-2025-03-31-um-19.22.37_0b555574.jpg","width":1170,"height":1433},{"@type":"BreadcrumbList","@id":"https:\/\/kosmetikvilla.de\/index.php\/retinol\/#breadcrumb","itemListElement":[{"@type":"ListItem","position":1,"name":"Startseite","item":"https:\/\/kosmetikvilla.de\/"},{"@type":"ListItem","position":2,"name":"Retinol"}]},{"@type":"WebSite","@id":"https:\/\/kosmetikvilla.de\/#website","url":"https:\/\/kosmetikvilla.de\/","name":"Kosmetik Villa","description":"","publisher":{"@id":"https:\/\/kosmetikvilla.de\/#organization"},"potentialAction":[{"@type":"SearchAction","target":{"@type":"EntryPoint","urlTemplate":"https:\/\/kosmetikvilla.de\/?s={search_term_string}"},"query-input":{"@type":"PropertyValueSpecification","valueRequired":true,"valueName":"search_term_string"}}],"inLanguage":"de"},{"@type":"Organization","@id":"https:\/\/kosmetikvilla.de\/#organization","name":"Kosmetik Villa","url":"https:\/\/kosmetikvilla.de\/","logo":{"@type":"ImageObject","inLanguage":"de","@id":"https:\/\/kosmetikvilla.de\/#\/schema\/logo\/image\/","url":"https:\/\/kosmetikvilla.de\/wp-content\/uploads\/2025\/03\/cropped-cropped-Logo-removebg-preview.png","contentUrl":"https:\/\/kosmetikvilla.de\/wp-content\/uploads\/2025\/03\/cropped-cropped-Logo-removebg-preview.png","width":540,"height":369,"caption":"Kosmetik Villa"},"image":{"@id":"https:\/\/kosmetikvilla.de\/#\/schema\/logo\/image\/"}}]}},"_links":{"self":[{"href":"https:\/\/kosmetikvilla.de\/index.php\/wp-json\/wp\/v2\/pages\/306","targetHints":{"allow":["GET"]}}],"collection":[{"href":"https:\/\/kosmetikvilla.de\/index.php\/wp-json\/wp\/v2\/pages"}],"about":[{"href":"https:\/\/kosmetikvilla.de\/index.php\/wp-json\/wp\/v2\/types\/page"}],"author":[{"embeddable":true,"href":"https:\/\/kosmetikvilla.de\/index.php\/wp-json\/wp\/v2\/users\/1"}],"replies":[{"embeddable":true,"href":"https:\/\/kosmetikvilla.de\/index.php\/wp-json\/wp\/v2\/comments?post=306"}],"version-history":[{"count":7,"href":"https:\/\/kosmetikvilla.de\/index.php\/wp-json\/wp\/v2\/pages\/306\/revisions"}],"predecessor-version":[{"id":344,"href":"https:\/\/kosmetikvilla.de\/index.php\/wp-json\/wp\/v2\/pages\/306\/revisions\/344"}],"wp:attachment":[{"href":"https:\/\/kosmetikvilla.de\/index.php\/wp-json\/wp\/v2\/media?parent=306"}],"curies":[{"name":"wp","href":"https:\/\/api.w.org\/{rel}","templated":true}]}}